+ (2 - 4) + 1?
-3
(-21 + 10 - -20) + -17
-8
Calculate -3 - (9 - (19 - 6)).
1
Evaluate (-14 - -8) + 6 + 1 + -3.
-2
Evaluate -6 + 4 + -26 + 24.
-4
4 + -4 - (-4 + 4)
0
-1 + -1 - (-6 - -4)
0
What is the value of (26 - 37) + -2 + 3?
-10
What is -9 + (-19 - -23) + 1 + -3?
-7
Calculate 1 - 3 - (8 + -4 - -3).
-9
Calculate -6 + (-7 - -2) - -6.
-5
Evaluate (-6 - (0 - 3)) + 5.
2
What is -6 + -2 - (22 - 20)?
-10
Calculate -11 + 16 - (7 - -1).
-3
What is the value of (-3 + 4 - 0) + 5?
6
What is 8 + (4 - 4) + (-23 - -24)?
9
What is the value of 6 - ((-6 - -2) + 9 + -2)?
3
What is the value of -3 - -4 - (0 + (0 - 1))?
2
Calculate -1 - 6 - (-16 + 4 + -3).
8
What is (6 - 3 - 0) + 1?
4
Calculate (58 - 58) + 4 + -1.
3
Calculate -3 + 5 - 1 - -3.
4
What is the value of 3 - (4 - 3) - 5?
-3
What is the value of 7 + (-6 - (-8 + 0 + 4))?
5
Evaluate 0 + -1 - (3 - (2 + 1)).
-1
Calculate 1 + -4 + (26 - 11) + -11.
1
What is the value of (0 - 0) + -1 + (60 - 56)?
3
Calculate -28 - -33 - (1 + 1 + 2).
1
Calculate -37 - -34 - (-7 - 2).
6
What is -4 - ((-1 - -3) + -2)?
-4
Calculate 9 + (4 + -3 + -7 - -2).
5
What is 5 - (16 - 8) - -2?
-1
Calculate -3 - (-4 + 8 + (1 - 11)).
3
8 + -3 + 2 + 0
7
What is the value of -2 + 2 + (7 - 12) + 10?
5
What is the value of (1 - 3) + -10 - -9?
-3
Evaluate (-4 - 1) + 2 + 2.
-1
Evaluate 62 + -62 - (1 + -1).
0
What is the value of -19 + 28 + (-4 - 0)?
5
10 + -2 - (24 + -16)
0
9 - (-1 + 13 + -12 + 5)
4
What is -4 + 11 + (-4 - -1)?
4
-6 + 0 - (-118 - -116)
-4
What is the value of 3 + 1 - 11 - -4?
-3
-4 + -4 + -2 + 8
-2
Calculate 0 - (-3 + 4 + -4 + 6).
-3
4 - (7 - -1) - -4
0
Calculate -8 - (1 - (1 - 1) - 5).
-4
Calculate 3 + -2 - (-5 + 4).
2
What is the value of -8 + 5 - (2 - 1)?
-4
2 - (3 - (-9 + 5))
-5
5 + (5 - 4) + -6
0
-2 - ((1 - (0 - -1)) + 3)
-5
What is -19 + (6 - -5) + 4 + 1?
-3
-2 + (-1 - ((2 - 5) + 1))
-1
Evaluate 0 + -3 + (9 - 8).
-2
13 + -12 + -1 - -10
10
Evaluate 2 - (-2 - 2 - (-10 + 3)).
-1
What is 2 - 4 - (2 + 2 + -5)?
-1
Evaluate (5 + 6 + -4 - 4) + -5.
-2
Calculate 3 + (-4 - -5) + -5.
-1
Calculate -11 - -6 - (-7 + 3).
-1
Evaluate (2 + -3 - 4) + 0 + 3.
-2
What is (8 - -2 - 6 - 3) + -2?
-1
Evaluate 6 - (-14 + 11) - 13.
-4
38 + -41 + -2 + (-2 - -3)
-4
What is the value of 1 + 4 + -6 - -3?
2
5 - (3 - (-9 - (4 + -9)))
-2
-6 - -1 - (13 + -25)
7
Calculate 4 - -2 - (-9 + 17).
-2
What is 3 + (-15 - (1 - 10))?
-3
What is the value of (9 - 10 - (2 - 0)) + 2?
-1
Calculate 20 + (4 - 3) - 13.
8
6 + -3 + -4 + -2
-3
What is -2 + 3 + 3 + -7 + -2?
-5
-9 + 3 + 13 + -4
3
What is the value of 3 + (-4 - 4 - -3 - -2)?
0
(1 - 3) + (21 + -36 - -21)
4
Evaluate -3 + (1 - (-4 - -3)) + 5.
4
Calculate 7 - 6 - (0 + -2).
3
-3 - (-9 - -2 - (2 + -2))
4
Evaluate 1 + -1 - (-12 - -15).
-3
Evaluate (3 - 4) + (-7 - -4).
-4
(-5 - -4) + 5 - 1
3
Evaluate 0 - 6 - (36 + -39).
-3
What is (3 - 1) + (-8 - 8) + 6?
-8
2 + 2 - (-12 - -3) - 6
7
What is the value of (-5 - (2 - 6)) + -3?
-4
Evaluate 6 - (-6 - -5 - -2).
5
-3 + 2 + 3 - (-7 - -7)
2
Evaluate (6 - 2) + -9 + 8 + 2.
5
What is the value of (1 - -21) + -24 + -1 + 0?
-3
What is the value of -2 - -4 - (43 - 34)?
-7
Calculate (2 + -5 - -4) + 2.
3
What is the value of 0 + 5 + -4 - -3?
4
What is the value of 0 + (-5 - -7) + (3 - 5)?
0
What is 2 + (-1 - (-5 + 2 - 1))?
5
0 + 4 + (-4 - 7)
-7
6 + (1 - 13) + 3
-3
Calculate (2 - 3) + 1 + (2 - 2).
0
Calculate 7 + 0 + (-5 - 1 - -4).
5
Evaluate (2 - (-6 - -12)) + -2 - 0.
-6
What is the value of -3 + (0 - -6) + -5 + -2?
-4
Evaluate -28 + 4 + 21 - (1 + -2).
-2
What is -11 + (-9 - (-6 + 0)) + 4?
-10
(5 - 3) + -5 - (0 - 0)
-3
Evaluate 10 - 8 - (9 + -2 + -1).
-4
-7 - (5 + -14) - -1
3
-1 - (5 + -9 - 1)
4
What is 0 - -3 - (1 - 2)?
4
What is (2 - 8) + 3 + -2?
-5
What is 1 + 4 - 6 - (-1 + 5)?
-5
3 - (4 + -7 - -7 - 7)
6
What is the value of 5 + (1 - 5) - 2?
-1
What is 43 + -38 - (2 - 1)?
4
Calculate 0 + (-10 - (1 + -3 + -3)).
-5
What is 10 - (3 - 0) - 4?
3
What is -5 + 14 + (-2 - 2)?
5
What is -5 - ((4 - -8) + -5 + -7)?
-5
What is (8 - -1) + -84 + 83?
8
-5 - ((3 - -3) + -18 + 13)
-6
What is -3 - (-4 - (0 + -1))?
0
What is 2 - (2 + -4 + 1 + 0)?
3
What is the value of -5 + 3 - (-16 + 12)?
2
What is the value of 9 - (-9 - (-3 - -1) - -8)?
8
Calculate 2 + -14 - (-7 - -3).
-8
What is the value of (6 - (-6 + 4)) + -7?
1
7 + -8 + (-8 - -14)
5
What is (-7 - (1 + -5)) + 2?
-1
What is 25 - 43 - (-10 - 2)?
-6
Evaluate 45 + -50 + (0 - 1) + 2.
-4
What is the value of 6 + (-7 - 1) + -6?
-8
(2 - (1 - -5)) + 9 + -5
0
What is (4 - 10) + 2 + -1?
-5
13 + -13 + (-4 - 1)
-5
What is the value of (-2 - -5) + -36 + 33?
0
Calculate 2 - (4 + 0) - -2.
0
Evaluate (0 + 1 - 3) + (6 - 1).
3
(-3 - -1) + -5 + (3 - -7)
3
Calculate 4 - (-3 - -2) - (3 + 0).
2
Evaluate -9 + (4 - 1) + 13 + -12.
-5
What is the value of 5 + (-14 - 1) + -1 + 2?
-9
Calculate 12 + 5 + -13 + 7 - 3.
8
What is the value of 3 + (-2 - -3) + (1 - 5)?
0
-14 + 19 + 0 + -13
-8
-7 + 1 + 0 + (4 - -1)
-1
Calculate -14 - (2 - (-1 - -10)).
-7
Calculate 0 + -8 + 6 + -1 + 2.
-1
What is -34 - -42 - (1 + 3)?
4
What is -2 - 1 - (10 + -11)?
-2
What is the value of -143 - -140 - (0 - -5)?
-8
1 - (7 + -9 + 6)
-3
Calculate 5 - (-4 + 5) - (4 + 0).
0
Calculate -1 - 5 - -7 - 6 - -3.
-2
Evaluate 1 + -9 + (-13 - -22).
1
9 - (1 + -7 - -3 - -5)
7
What is (1 - 21) + (-94 - -106)?
-8
What is the value of 7 - (18 + -16 + -1 + -1)?
7
What is the value of -4 + 1 + 10 - 2?
5
1 - (2 + -7) - (-4 - -7)
3
Evaluate -3 + (1 + 1 - 0 - -2).
1
What is 0 - -1 - (15 + -8 - 8)?
2
What is (-2 - (1 - 1)) + 1 + 4?
3
Calculate -8 + (21 - (-9 + 14)).
8
Evaluate -1 + -4 + 3 + -5 - -6.
-1
What is 1 + -9 + 9 - 2?
-1
What is 5 + 1 + -6 + 1 + -5?
-4
What is (5 - 0 - 0) + -6?
-1
Evaluate 15 + -12 + 5 - 12.
-4
Calculate (-38 - -35) + (-2 - 0).
-5
What is -5 - (5 + -5) - 0?
-5
What is the value of 51 + -51 - (7 - 1)?
-6
What is -5 - (3 + -8) - (-4 + -1)?
5
(-6 - -4) + 3 + (15 - 15)
1
Calculate 4 - (7 + (2 - (7 + -1))).
1
What is 1 + -4 - (15 + -10 - 1)?
-7
What is the value of (10 - 5) + 7 + -7?
5
(-2 + 5 - (0 + -2)) + 0
5
-43 + 42 - (-8 + 0)
7
What is 18 + (-6 - 3) - 10?
-1
Calculate (11 - 4 - 1) + 3 + 1.
10
What is 2 - (6 - (1 - -4))?
1
Calculate (4 - -1) + 10 + -11 + -3.
1
-4 + (-5 - -8) - (2 + -4)
1
Evaluate 1 + 2 + -1 + (1 - 4).
-1
1 - 11 - (17 - 21)
-6
What is the value of -8 - ((1 - 4) + 0)?
-5
What is the value of -3 - (8 + 1 - (7 + -3))?
-8
What is 0 + (-3 - 0) + 4?
1
What is the value of (4 - (-7 - (-3 - 1))) + -3?
4
What is the value of 7 + (-7 - -12) + -5?
7
Calculate -4 + 2 + -3 + 4.
-1
6 - (9 - (1 - -2))
0
What is the value of -10 - -11 - (6 - 1)?
-4
What is -8 + (-4 - -5) + 8?
1
0 + -1 + 8 + -3 - 3
1
Calculate -6 + -3 + 10 + -4.
-3
What is -3 + 0 + -10 - (25 - 30)?
-8
10 + (1 - (-11 - -23))
-1
What is -2 + (0 - -11) - 5?
4
Evaluate 2 + -5 + -1 - -2.
-2
Evaluate (-7 - (0 + -2 + -2)) + 2.
-1
Calculate -2 + -5 - (12 - 3 - 8).
-8
(13 - 5) + -2 + -2
4
What is 10 + -2 - (2 + 1)?
5
What is the value of -2 + -1 + 3 + (-3 - -3)?
0
What is -3 + 2 + 5 + -3?
1
Calculate 1 + 6 + (-6 - -2).
3
What is the value of (0 - 5) + 3 + (2 - -1)?
1
Evaluate (-5 - -4) + 1 + (2 - -4).
6
Evaluate -8 + 4 + 3 + -3.
-4
(6 - 4) + 2 + 9 + -5
8
Calculate 2 - (-1 + -5 - (-16 - -17)).
9
Calculate (4 - (6 - 6)) + -6 + -6.
-8
What is the value of (9 - 1) + (-60 - -56)?
4
What is (-1 + -7 + -3 - -3) + 3?
-5
Calculate -9 + (7 - (-7 + 1)).
4
Calculate 27 + -27 + 3 + 3.
6
Evaluate 1 - -3 - (24 + -19).
-1
What is -2 - (1 - 3 - (-12 + 14))?
2
Evaluate (-6 - 1) + (-40 - -45).
-2
What is 3 + 0 - 8 - -4?
-1
Evaluate (16 - 13) + -5 + -3 + 2.
-3
Calculate -4 - (0 - (5 - -2)).
3
What is -7 + (7 - (-11 + 6))?
5
What is -1 - -2 - ((-2 - 0) + 0)?
3
What is the value of 3 + (-2 - -2) + -6 + 5?
2
What is -3 - (-5 - -5 - (-7 + 2))?
-8
What is 13 - -6 - 9 - (-1 + 7)?
4
Calculate 2 + 8 + -35 + 19.
-6
Evaluate 4 - (4 - (3 + -5)).
-2
Evaluate -5 + 4 + (0 + -2 - 2).
-5
Calculate 4 - 1 - (0 - -7 - 4).
0
What is the value of 2 + (-5 - (-4 - (-7 + 3)))?
-3
What is 26 - 28 - (0 + -2 + 1)?
-1
What is 8 + (1 - (0 - -5))?
4
Calculate 7 + 3 - 5 - 3.
2
What is the value of 0 - (4 - (-3 + 4))?
-3
Evaluate 4 + 3 + -6 - 1.
0
Evaluate (-10 - -7) + 6 + 5.
8
What is (11 - 9) + -4 + 1?
-1
0 + -4 + (4 + 2 - 3)
-1
What is the value of (-3 - (-5 + 2)) + -1?
-1
What is 0 - 2 - (-